38422676?
4
What is the millions digit of 314990718?
4
What is the ten thousands digit of 876040983?
4
What is the tens digit of 81081228?
2
What is the hundreds digit of 2084782409?
4
What is the ten thousands digit of 3695224326?
2
What is the millions digit of 2509346864?
9
What is the ten thousands digit of 87918412?
1
What is the tens digit of 1077448735?
3
What is the ten thousands digit of 8930671567?
7
What is the hundred millions digit of 9112332785?
1
What is the hundreds digit of 2008590090?
0
What is the ten millions digit of 203622092?
0
What is the ten millions digit of 2577281493?
7
What is the tens digit of 221470947?
4
What is the ten millions digit of 76230072?
7
What is the hundred thousands digit of 5535109612?
1
What is the units digit of 3749527735?
5
What is the ten thousands digit of 536782668?
8
What is the thousands digit of 658454872?
4
What is the hundred millions digit of 655892498?
6
What is the hundred millions digit of 759038138?
7
What is the hundreds digit of 87856500?
5
What is the thousands digit of 116363716?
3
What is the tens digit of 4703508?
0
What is the ten thousands digit of 107989678?
8
What is the ten millions digit of 129568567?
2
What is the hundreds digit of 1851861345?
3
What is the ten thousands digit of 96350950?
5
What is the ten millions digit of 49532645?
4
What is the tens digit of 61215343?
4
What is the ten thousands digit of 29674096?
7
What is the units digit of 110220282?
2
What is the thousands digit of 20601193?
1
What is the billions digit of 2484333208?
2
What is the thousands digit of 4630151501?
1
What is the ten thousands digit of 1827149604?
4
What is the hundred thousands digit of 384046725?
0
What is the tens digit of 4737194717?
1
What is the thousands digit of 383614760?
4
What is the ten thousands digit of 2766186461?
8
What is the tens digit of 417677319?
1
What is the units digit of 97049105?
5
What is the tens digit of 59975537?
3
What is the units digit of 1775703334?
4
What is the ten millions digit of 146647330?
4
What is the tens digit of 45468351?
5
What is the tens digit of 146689956?
5
What is the thousands digit of 885737994?
7
What is the hundreds digit of 35004858?
8
What is the tens digit of 2857057005?
0
What is the ten thousands digit of 1717009088?
0
What is the units digit of 53192640?
0
What is the ten millions digit of 10054651?
1
What is the hundred millions digit of 2709866243?
7
What is the hundreds digit of 2286504693?
6
What is the thousands digit of 101742944?
2
What is the hundred millions digit of 1006822277?
0
What is the millions digit of 175225227?
5
What is the hundred thousands digit of 908227359?
2
What is the millions digit of 1298224182?
8
What is the hundred millions digit of 2042085618?
0
What is the hundred millions digit of 2171654568?
1
What is the tens digit of 116928950?
5
What is the thousands digit of 791085416?
5
What is the tens digit of 1171036427?
2
What is the hundreds digit of 242756695?
6
What is the hundred thousands digit of 71128555?
1
What is the thousands digit of 48067434?
7
What is the hundred thousands digit of 187417366?
4
What is the hundred thousands digit of 3236765491?
7
What is the millions digit of 265120023?
5
What is the millions digit of 79045553?
9
What is the tens digit of 8157655202?
0
What is the thousands digit of 937249566?
9
What is the thousands digit of 27547104?
7
What is the millions digit of 21057524?
1
What is the tens digit of 251635275?
7
What is the thousands digit of 1636160037?
0
What is the tens digit of 347409187?
8
What is the units digit of 7318001?
1
What is the ten thousands digit of 1976823223?
2
What is the hundred thousands digit of 3063514199?
5
What is the tens digit of 3398820736?
3
What is the hundreds digit of 638076168?
1
What is the hundreds digit of 252718323?
3
What is the ten millions digit of 357458712?
5
What is the tens digit of 42321407?
0
What is the units digit of 221183224?
4
What is the thousands digit of 947394470?
4
What is the millions digit of 3793921433?
3
What is the tens digit of 5414162?
6
What is the units digit of 137484166?
6
What is the ten thousands digit of 21705109?
0
What is the hundred thousands digit of 25822084?
8
What is the thousands digit of 43364938?
4
What is the ten millions digit of 3402250087?
0
What is the ten millions digit of 66539637?
6
What is the millions digit of 71540350?
1
What is the thousands digit of 1939908836?
8
What is the tens digit of 136006113?
1
What is the ten thousands digit of 138525080?
2
What is the ten millions digit of 176987785?
7
What is the hundreds digit of 4865948340?
3
What is the millions digit of 66771303?
6
What is the units digit of 37894347?
7
What is the tens digit of 4653399681?
8
What is the ten thousands digit of 681178406?
7
What is the hundreds digit of 15646584?
5
What is the millions digit of 50684855?
0
What is the hundreds digit of 195106750?
7
What is the units digit of 1285910670?
0
What is the millions digit of 156806595?
6
What is the ten millions digit of 5380416980?
8
What is the thousands digit of 2913478912?
8
What is the units digit of 92683954?
4
What is the ten thousands digit of 1680891429?
9
What is the billions digit of 1283544578?
1
What is the ten millions digit of 979874010?
7
What is the thousands digit of 821155435?
5
What is the tens digit of 1120010262?
6
What is the thousands digit of 20114331?
4
What is the ten thousands digit of 496271930?
7
What is the units digit of 2979829?
9
What is the tens digit of 55963984?
8
What is the thousands digit of 43530617?
0
What is the ten thousands digit of 21307618?
0
What is the tens digit of 953776632?
3
What is the units digit of 48390581?
1
What is the ten thousands digit of 10206965?
0
What is the hundred millions digit of 965894683?
9
What is the ten millions digit of 21152584?
2
What is the hundreds digit of 3510812331?
3
What is the ten thousands digit of 71108807?
0
What is the millions digit of 1172985404?
2
What is the units digit of 37556456?
6
What is the hundred millions digit of 266712370?
2
What is the hundred millions digit of 368562961?
3
What is the units digit of 74627455?
5
What is the hundreds digit of 179662876?
8
What is the thousands digit of 6582037?
2
What is the ten thousands digit of 496282280?
8
What is the units digit of 995913445?
5
What is the hundred millions digit of 3514669929?
5
What is the billions digit of 4219735265?
4
What is the ten millions digit of 274940999?
7
What is the units digit of 3058931180?
0
What is the thousands digit of 130237528?
7
What is the ten millions digit of 4236374448?
3
What is the thousands digit of 662729632?
9
What is the millions digit of 29962027?
9
What is the thousands digit of 212046019?
6
What is the tens digit of 46957837?
3
What is the hundreds digit of 45996811?
8
What is the tens digit of 4612189092?
9
What is the ten thousands digit of 76373036?
7
What is the billions digit of 1238301809?
1
What is the ten millions digit of 515073824?
1
What is the millions digit of 1428668871?
8
What is the hundreds digit of 291776016?
0
What is the thousands digit of 129040943?
0
What is the tens digit of 584183?
8
What is the ten millions digit of 49763737?
4
What is the units digit of 797135729?
9
What is the ten thousands digit of 1886596?
8
What is the hundreds digit of 46919354?
3
What is the ten thousands digit of 1522912189?
1
What is the hundred millions digit of 4789353844?
7
What is the ten thousands digit of 214103245?
0
What is the thousands digit of 709316117?
6
What is the tens digit of 2816321701?
0
What is the hundred thousands digit of 46386564?
3
What is the tens digit of 10155816?
1
What is the hundreds digit of 91067123?
1
What is the ten thousands digit of 4385824424?
2
What is the units digit of 289474615?
5
What is the hundred millions digit of 957443583?
9
What is the ten thousands digit of 1178025504?
2
What is the hundred thousands digit of 101754580?
7
What is the thousands digit of 3934518319?
8
What is the ten thousands digit of 5069037?
6
What is the units digit of 4825470474?
4
What is the hundreds digit of 1620515335?
3
What is the hundred millions digit of 5373304567?
3
What is the tens digit of 60346882?
8
What is the thous